{"id":3243,"date":"2026-04-07T19:20:08","date_gmt":"2026-04-07T17:20:08","guid":{"rendered":"https:\/\/demo3.pozyskujklientow2.pl\/gardenhit\/?post_type=product&#038;p=3243"},"modified":"2026-04-10T10:40:04","modified_gmt":"2026-04-10T08:40:04","slug":"pokrowiec-na-fotel-kosz-wiszacy-kokon-kosz-ogrodowy-podwojny","status":"publish","type":"product","link":"https:\/\/demo3.pozyskujklientow2.pl\/gardenhit\/produkt\/pokrowiec-na-fotel-kosz-wiszacy-kokon-kosz-ogrodowy-podwojny\/","title":{"rendered":"Pokrowiec na fotel kosz wisz\u0105cy kokon kosz ogrodowy podw\u00f3jny"},"content":{"rendered":"<p>Wysokiej jako\u015bci pokrowiec na fotel wisz\u0105cy POJEDYNCZY lub PODW\u00d3JNY. Pokrowiec nak\u0142adany na ca\u0142o\u015b\u0107 od g\u00f3ry i \u015bci\u0105gany sznurkiem ze \u015bci\u0105gaczem przy podstawie, dzi\u0119ki czemu fotel jest chroniony przed dostaniem si\u0119 wilgoci. Doskonale sprawdzi si\u0119 w sezonie jesienno-zimowym lub gdy kosz nie jest u\u017cywany, zapewni fotelowi \u017cywotno\u015b\u0107 przez wiele sezon\u00f3w. Zosta\u0142 wykonany z wodoodpornego materia\u0142u, zapewni ochron\u0119 fotela przed kurzem, deszczem, wiatrem, s\u0142o\u0144cem czy \u015bniegiem.<\/p>\n<p>Pokrowiec charakteryzuje:<\/p>\n<p>Elegancki wygl\u0105d.<br \/>\n\u0141atwy do czyszczenia i bardzo wytrzyma\u0142y.<br \/>\nSzybkie zdejmowanie oraz zak\u0142adanie.<br \/>\nWysoka odporno\u015b\u0107 na dzia\u0142anie promieni UV<br \/>\nWysoka odporno\u015b\u0107 na warunki atmosferyczne<\/p>\n<p>PODW\u00d3JNY<br \/>\nWymiary:<br \/>\n-Wysoko\u015b\u0107 203 cm<br \/>\n-Szeroko\u015b\u0107 170-232 cm<br \/>\nKHAKI<br \/>\nODBI\u00d3R OSOBISTY PO WCZE\u015aNIEJSZYM KONTAKCIE TELEFONICZNYM<br \/>\nUL. KATOWICKA 27, CZECHOWICE-DZIEDZICE<\/p>\n<p>Zapraszamy do zakupu.<br \/>\nNa ka\u017cdy towar zakupiony na naszych aukcjach otrzymasz paragon lub faktur\u0119 VAT.<\/p>\n","protected":false},"excerpt":{"rendered":"<p>Wysokiej jako\u015bci pokrowiec na fotel wisz\u0105cy POJEDYNCZY lub PODW\u00d3JNY. Pokrowiec nak\u0142adany na ca\u0142o\u015b\u0107 od g\u00f3ry i \u015bci\u0105gany sznurkiem ze \u015bci\u0105gaczem przy podstawie, dzi\u0119ki czemu fotel jest chroniony przed dostaniem si\u0119 wilgoci. Doskonale sprawdzi si\u0119 w sezonie jesienno-zimowym lub gdy kosz nie jest u\u017cywany, zapewni fotelowi \u017cywotno\u015b\u0107 przez wiele sezon\u00f3w. Zosta\u0142 wykonany z wodoodpornego materia\u0142u, zapewni [&hellip;]<\/p>\n","protected":false},"featured_media":3249,"comment_status":"closed","ping_status":"closed","template":"","meta":[],"product_brand":[],"product_cat":[106],"product_tag":[],"class_list":{"0":"post-3243","1":"product","2":"type-product","3":"status-publish","4":"has-post-thumbnail","6":"product_cat-pokrowce","8":"first","9":"instock","10":"shipping-taxable","11":"purchasable","12":"product-type-simple"},"yoast_head":"<!-- This site is optimized with the Yoast SEO plugin v27.4 - https:\/\/yoast.com\/product\/yoast-seo-wordpress\/ -->\n<title>Pokrowiec na fotel kosz wisz\u0105cy kokon kosz ogrodowy podw\u00f3jny \u2b50 Trwa\u0142e i Oryginalne Meble w Atrakcyjnej Cenie - Gardenhit<\/title>\n<meta name=\"description\" content=\"Polski producent MebleDrewniane24.pl zaprasza \u261d Pokrowiec na fotel kosz wisz\u0105cy kokon kosz ogrodowy podw\u00f3jny \u2b50 Meble z drewna do Twojego mieszkania i domu - zapraszamy!\" \/>\n<meta name=\"robots\" content=\"index, follow, max-snippet:-1, max-image-preview:large, max-video-preview:-1\" \/>\n<link rel=\"canonical\" href=\"https:\/\/demo3.pozyskujklientow2.pl\/gardenhit\/produkt\/pokrowiec-na-fotel-kosz-wiszacy-kokon-kosz-ogrodowy-podwojny\/\" \/>\n<meta property=\"og:locale\" content=\"pl_PL\" \/>\n<meta property=\"og:type\" content=\"article\" \/>\n<meta property=\"og:title\" content=\"Pokrowiec na fotel kosz wisz\u0105cy kokon kosz ogrodowy podw\u00f3jny \u2b50 Trwa\u0142e i Oryginalne Meble w Atrakcyjnej Cenie - Gardenhit\" \/>\n<meta property=\"og:description\" content=\"Polski producent MebleDrewniane24.pl zaprasza \u261d Pokrowiec na fotel kosz wisz\u0105cy kokon kosz ogrodowy podw\u00f3jny \u2b50 Meble z drewna do Twojego mieszkania i domu - zapraszamy!\" \/>\n<meta property=\"og:url\" content=\"https:\/\/demo3.pozyskujklientow2.pl\/gardenhit\/produkt\/pokrowiec-na-fotel-kosz-wiszacy-kokon-kosz-ogrodowy-podwojny\/\" \/>\n<meta property=\"og:site_name\" content=\"Gardenhit\" \/>\n<meta property=\"article:modified_time\" content=\"2026-04-10T08:40:04+00:00\" \/>\n<meta property=\"og:image\" content=\"https:\/\/demo3.pozyskujklientow2.pl\/gardenhit\/wp-content\/uploads\/2026\/04\/POKROWCE-na-fotel-kosz-wiszacy-kokon-kosz-ogrodowy-2.webp\" \/>\n\t<meta property=\"og:image:width\" content=\"500\" \/>\n\t<meta property=\"og:image:height\" content=\"500\" \/>\n\t<meta property=\"og:image:type\" content=\"image\/webp\" \/>\n<meta name=\"twitter:card\" content=\"summary_large_image\" \/>\n<meta name=\"twitter:label1\" content=\"Szacowany czas czytania\" \/>\n\t<meta name=\"twitter:data1\" content=\"1 minuta\" \/>\n<script type=\"application\/ld+json\" class=\"yoast-schema-graph\">{\"@context\":\"https:\\\/\\\/schema.org\",\"@graph\":[{\"@type\":\"WebPage\",\"@id\":\"https:\\\/\\\/demo3.pozyskujklientow2.pl\\\/gardenhit\\\/produkt\\\/pokrowiec-na-fotel-kosz-wiszacy-kokon-kosz-ogrodowy-podwojny\\\/\",\"url\":\"https:\\\/\\\/demo3.pozyskujklientow2.pl\\\/gardenhit\\\/produkt\\\/pokrowiec-na-fotel-kosz-wiszacy-kokon-kosz-ogrodowy-podwojny\\\/\",\"name\":\"Pokrowiec na fotel kosz wisz\u0105cy kokon kosz ogrodowy podw\u00f3jny \u2b50 Trwa\u0142e i Oryginalne Meble w Atrakcyjnej Cenie - Gardenhit\",\"isPartOf\":{\"@id\":\"https:\\\/\\\/demo3.pozyskujklientow2.pl\\\/gardenhit\\\/#website\"},\"primaryImageOfPage\":{\"@id\":\"https:\\\/\\\/demo3.pozyskujklientow2.pl\\\/gardenhit\\\/produkt\\\/pokrowiec-na-fotel-kosz-wiszacy-kokon-kosz-ogrodowy-podwojny\\\/#primaryimage\"},\"image\":{\"@id\":\"https:\\\/\\\/demo3.pozyskujklientow2.pl\\\/gardenhit\\\/produkt\\\/pokrowiec-na-fotel-kosz-wiszacy-kokon-kosz-ogrodowy-podwojny\\\/#primaryimage\"},\"thumbnailUrl\":\"https:\\\/\\\/demo3.pozyskujklientow2.pl\\\/gardenhit\\\/wp-content\\\/uploads\\\/2026\\\/04\\\/POKROWCE-na-fotel-kosz-wiszacy-kokon-kosz-ogrodowy-2.webp\",\"datePublished\":\"2026-04-07T17:20:08+00:00\",\"dateModified\":\"2026-04-10T08:40:04+00:00\",\"description\":\"Polski producent MebleDrewniane24.pl zaprasza \u261d Pokrowiec na fotel kosz wisz\u0105cy kokon kosz ogrodowy podw\u00f3jny \u2b50 Meble z drewna do Twojego mieszkania i domu - zapraszamy!\",\"breadcrumb\":{\"@id\":\"https:\\\/\\\/demo3.pozyskujklientow2.pl\\\/gardenhit\\\/produkt\\\/pokrowiec-na-fotel-kosz-wiszacy-kokon-kosz-ogrodowy-podwojny\\\/#breadcrumb\"},\"inLanguage\":\"pl-PL\",\"potentialAction\":[{\"@type\":\"ReadAction\",\"target\":[\"https:\\\/\\\/demo3.pozyskujklientow2.pl\\\/gardenhit\\\/produkt\\\/pokrowiec-na-fotel-kosz-wiszacy-kokon-kosz-ogrodowy-podwojny\\\/\"]}]},{\"@type\":\"ImageObject\",\"inLanguage\":\"pl-PL\",\"@id\":\"https:\\\/\\\/demo3.pozyskujklientow2.pl\\\/gardenhit\\\/produkt\\\/pokrowiec-na-fotel-kosz-wiszacy-kokon-kosz-ogrodowy-podwojny\\\/#primaryimage\",\"url\":\"https:\\\/\\\/demo3.pozyskujklientow2.pl\\\/gardenhit\\\/wp-content\\\/uploads\\\/2026\\\/04\\\/POKROWCE-na-fotel-kosz-wiszacy-kokon-kosz-ogrodowy-2.webp\",\"contentUrl\":\"https:\\\/\\\/demo3.pozyskujklientow2.pl\\\/gardenhit\\\/wp-content\\\/uploads\\\/2026\\\/04\\\/POKROWCE-na-fotel-kosz-wiszacy-kokon-kosz-ogrodowy-2.webp\",\"width\":500,\"height\":500},{\"@type\":\"BreadcrumbList\",\"@id\":\"https:\\\/\\\/demo3.pozyskujklientow2.pl\\\/gardenhit\\\/produkt\\\/pokrowiec-na-fotel-kosz-wiszacy-kokon-kosz-ogrodowy-podwojny\\\/#breadcrumb\",\"itemListElement\":[{\"@type\":\"ListItem\",\"position\":1,\"name\":\"Strona g\u0142\u00f3wna\",\"item\":\"https:\\\/\\\/demo3.pozyskujklientow2.pl\\\/gardenhit\\\/\"},{\"@type\":\"ListItem\",\"position\":2,\"name\":\"Sklep\",\"item\":\"https:\\\/\\\/demo3.pozyskujklientow2.pl\\\/gardenhit\\\/sklep\\\/\"},{\"@type\":\"ListItem\",\"position\":3,\"name\":\"Pokrowiec na fotel kosz wisz\u0105cy kokon kosz ogrodowy podw\u00f3jny\"}]},{\"@type\":\"WebSite\",\"@id\":\"https:\\\/\\\/demo3.pozyskujklientow2.pl\\\/gardenhit\\\/#website\",\"url\":\"https:\\\/\\\/demo3.pozyskujklientow2.pl\\\/gardenhit\\\/\",\"name\":\"Gardenhit\",\"description\":\"Meble ogrodowe\",\"publisher\":{\"@id\":\"https:\\\/\\\/demo3.pozyskujklientow2.pl\\\/gardenhit\\\/#organization\"},\"potentialAction\":[{\"@type\":\"SearchAction\",\"target\":{\"@type\":\"EntryPoint\",\"urlTemplate\":\"https:\\\/\\\/demo3.pozyskujklientow2.pl\\\/gardenhit\\\/?s={search_term_string}\"},\"query-input\":{\"@type\":\"PropertyValueSpecification\",\"valueRequired\":true,\"valueName\":\"search_term_string\"}}],\"inLanguage\":\"pl-PL\"},{\"@type\":\"Organization\",\"@id\":\"https:\\\/\\\/demo3.pozyskujklientow2.pl\\\/gardenhit\\\/#organization\",\"name\":\"Gardenhit\",\"url\":\"https:\\\/\\\/demo3.pozyskujklientow2.pl\\\/gardenhit\\\/\",\"logo\":{\"@type\":\"ImageObject\",\"inLanguage\":\"pl-PL\",\"@id\":\"https:\\\/\\\/demo3.pozyskujklientow2.pl\\\/gardenhit\\\/#\\\/schema\\\/logo\\\/image\\\/\",\"url\":\"https:\\\/\\\/demo3.pozyskujklientow2.pl\\\/gardenhit\\\/wp-content\\\/uploads\\\/2023\\\/09\\\/logo-gardenhit.png\",\"contentUrl\":\"https:\\\/\\\/demo3.pozyskujklientow2.pl\\\/gardenhit\\\/wp-content\\\/uploads\\\/2023\\\/09\\\/logo-gardenhit.png\",\"width\":278,\"height\":215,\"caption\":\"Gardenhit\"},\"image\":{\"@id\":\"https:\\\/\\\/demo3.pozyskujklientow2.pl\\\/gardenhit\\\/#\\\/schema\\\/logo\\\/image\\\/\"}}]}<\/script>\n<!-- \/ Yoast SEO plugin. -->","yoast_head_json":{"title":"Pokrowiec na fotel kosz wisz\u0105cy kokon kosz ogrodowy podw\u00f3jny \u2b50 Trwa\u0142e i Oryginalne Meble w Atrakcyjnej Cenie - Gardenhit","description":"Polski producent MebleDrewniane24.pl zaprasza \u261d Pokrowiec na fotel kosz wisz\u0105cy kokon kosz ogrodowy podw\u00f3jny \u2b50 Meble z drewna do Twojego mieszkania i domu - zapraszamy!","robots":{"index":"index","follow":"follow","max-snippet":"max-snippet:-1","max-image-preview":"max-image-preview:large","max-video-preview":"max-video-preview:-1"},"canonical":"https:\/\/demo3.pozyskujklientow2.pl\/gardenhit\/produkt\/pokrowiec-na-fotel-kosz-wiszacy-kokon-kosz-ogrodowy-podwojny\/","og_locale":"pl_PL","og_type":"article","og_title":"Pokrowiec na fotel kosz wisz\u0105cy kokon kosz ogrodowy podw\u00f3jny \u2b50 Trwa\u0142e i Oryginalne Meble w Atrakcyjnej Cenie - Gardenhit","og_description":"Polski producent MebleDrewniane24.pl zaprasza \u261d Pokrowiec na fotel kosz wisz\u0105cy kokon kosz ogrodowy podw\u00f3jny \u2b50 Meble z drewna do Twojego mieszkania i domu - zapraszamy!","og_url":"https:\/\/demo3.pozyskujklientow2.pl\/gardenhit\/produkt\/pokrowiec-na-fotel-kosz-wiszacy-kokon-kosz-ogrodowy-podwojny\/","og_site_name":"Gardenhit","article_modified_time":"2026-04-10T08:40:04+00:00","og_image":[{"width":500,"height":500,"url":"https:\/\/demo3.pozyskujklientow2.pl\/gardenhit\/wp-content\/uploads\/2026\/04\/POKROWCE-na-fotel-kosz-wiszacy-kokon-kosz-ogrodowy-2.webp","type":"image\/webp"}],"twitter_card":"summary_large_image","twitter_misc":{"Szacowany czas czytania":"1 minuta"},"schema":{"@context":"https:\/\/schema.org","@graph":[{"@type":"WebPage","@id":"https:\/\/demo3.pozyskujklientow2.pl\/gardenhit\/produkt\/pokrowiec-na-fotel-kosz-wiszacy-kokon-kosz-ogrodowy-podwojny\/","url":"https:\/\/demo3.pozyskujklientow2.pl\/gardenhit\/produkt\/pokrowiec-na-fotel-kosz-wiszacy-kokon-kosz-ogrodowy-podwojny\/","name":"Pokrowiec na fotel kosz wisz\u0105cy kokon kosz ogrodowy podw\u00f3jny \u2b50 Trwa\u0142e i Oryginalne Meble w Atrakcyjnej Cenie - Gardenhit","isPartOf":{"@id":"https:\/\/demo3.pozyskujklientow2.pl\/gardenhit\/#website"},"primaryImageOfPage":{"@id":"https:\/\/demo3.pozyskujklientow2.pl\/gardenhit\/produkt\/pokrowiec-na-fotel-kosz-wiszacy-kokon-kosz-ogrodowy-podwojny\/#primaryimage"},"image":{"@id":"https:\/\/demo3.pozyskujklientow2.pl\/gardenhit\/produkt\/pokrowiec-na-fotel-kosz-wiszacy-kokon-kosz-ogrodowy-podwojny\/#primaryimage"},"thumbnailUrl":"https:\/\/demo3.pozyskujklientow2.pl\/gardenhit\/wp-content\/uploads\/2026\/04\/POKROWCE-na-fotel-kosz-wiszacy-kokon-kosz-ogrodowy-2.webp","datePublished":"2026-04-07T17:20:08+00:00","dateModified":"2026-04-10T08:40:04+00:00","description":"Polski producent MebleDrewniane24.pl zaprasza \u261d Pokrowiec na fotel kosz wisz\u0105cy kokon kosz ogrodowy podw\u00f3jny \u2b50 Meble z drewna do Twojego mieszkania i domu - zapraszamy!","breadcrumb":{"@id":"https:\/\/demo3.pozyskujklientow2.pl\/gardenhit\/produkt\/pokrowiec-na-fotel-kosz-wiszacy-kokon-kosz-ogrodowy-podwojny\/#breadcrumb"},"inLanguage":"pl-PL","potentialAction":[{"@type":"ReadAction","target":["https:\/\/demo3.pozyskujklientow2.pl\/gardenhit\/produkt\/pokrowiec-na-fotel-kosz-wiszacy-kokon-kosz-ogrodowy-podwojny\/"]}]},{"@type":"ImageObject","inLanguage":"pl-PL","@id":"https:\/\/demo3.pozyskujklientow2.pl\/gardenhit\/produkt\/pokrowiec-na-fotel-kosz-wiszacy-kokon-kosz-ogrodowy-podwojny\/#primaryimage","url":"https:\/\/demo3.pozyskujklientow2.pl\/gardenhit\/wp-content\/uploads\/2026\/04\/POKROWCE-na-fotel-kosz-wiszacy-kokon-kosz-ogrodowy-2.webp","contentUrl":"https:\/\/demo3.pozyskujklientow2.pl\/gardenhit\/wp-content\/uploads\/2026\/04\/POKROWCE-na-fotel-kosz-wiszacy-kokon-kosz-ogrodowy-2.webp","width":500,"height":500},{"@type":"BreadcrumbList","@id":"https:\/\/demo3.pozyskujklientow2.pl\/gardenhit\/produkt\/pokrowiec-na-fotel-kosz-wiszacy-kokon-kosz-ogrodowy-podwojny\/#breadcrumb","itemListElement":[{"@type":"ListItem","position":1,"name":"Strona g\u0142\u00f3wna","item":"https:\/\/demo3.pozyskujklientow2.pl\/gardenhit\/"},{"@type":"ListItem","position":2,"name":"Sklep","item":"https:\/\/demo3.pozyskujklientow2.pl\/gardenhit\/sklep\/"},{"@type":"ListItem","position":3,"name":"Pokrowiec na fotel kosz wisz\u0105cy kokon kosz ogrodowy podw\u00f3jny"}]},{"@type":"WebSite","@id":"https:\/\/demo3.pozyskujklientow2.pl\/gardenhit\/#website","url":"https:\/\/demo3.pozyskujklientow2.pl\/gardenhit\/","name":"Gardenhit","description":"Meble ogrodowe","publisher":{"@id":"https:\/\/demo3.pozyskujklientow2.pl\/gardenhit\/#organization"},"potentialAction":[{"@type":"SearchAction","target":{"@type":"EntryPoint","urlTemplate":"https:\/\/demo3.pozyskujklientow2.pl\/gardenhit\/?s={search_term_string}"},"query-input":{"@type":"PropertyValueSpecification","valueRequired":true,"valueName":"search_term_string"}}],"inLanguage":"pl-PL"},{"@type":"Organization","@id":"https:\/\/demo3.pozyskujklientow2.pl\/gardenhit\/#organization","name":"Gardenhit","url":"https:\/\/demo3.pozyskujklientow2.pl\/gardenhit\/","logo":{"@type":"ImageObject","inLanguage":"pl-PL","@id":"https:\/\/demo3.pozyskujklientow2.pl\/gardenhit\/#\/schema\/logo\/image\/","url":"https:\/\/demo3.pozyskujklientow2.pl\/gardenhit\/wp-content\/uploads\/2023\/09\/logo-gardenhit.png","contentUrl":"https:\/\/demo3.pozyskujklientow2.pl\/gardenhit\/wp-content\/uploads\/2023\/09\/logo-gardenhit.png","width":278,"height":215,"caption":"Gardenhit"},"image":{"@id":"https:\/\/demo3.pozyskujklientow2.pl\/gardenhit\/#\/schema\/logo\/image\/"}}]}},"_links":{"self":[{"href":"https:\/\/demo3.pozyskujklientow2.pl\/gardenhit\/wp-json\/wp\/v2\/product\/3243","targetHints":{"allow":["GET"]}}],"collection":[{"href":"https:\/\/demo3.pozyskujklientow2.pl\/gardenhit\/wp-json\/wp\/v2\/product"}],"about":[{"href":"https:\/\/demo3.pozyskujklientow2.pl\/gardenhit\/wp-json\/wp\/v2\/types\/product"}],"replies":[{"embeddable":true,"href":"https:\/\/demo3.pozyskujklientow2.pl\/gardenhit\/wp-json\/wp\/v2\/comments?post=3243"}],"wp:featuredmedia":[{"embeddable":true,"href":"https:\/\/demo3.pozyskujklientow2.pl\/gardenhit\/wp-json\/wp\/v2\/media\/3249"}],"wp:attachment":[{"href":"https:\/\/demo3.pozyskujklientow2.pl\/gardenhit\/wp-json\/wp\/v2\/media?parent=3243"}],"wp:term":[{"taxonomy":"product_brand","embeddable":true,"href":"https:\/\/demo3.pozyskujklientow2.pl\/gardenhit\/wp-json\/wp\/v2\/product_brand?post=3243"},{"taxonomy":"product_cat","embeddable":true,"href":"https:\/\/demo3.pozyskujklientow2.pl\/gardenhit\/wp-json\/wp\/v2\/product_cat?post=3243"},{"taxonomy":"product_tag","embeddable":true,"href":"https:\/\/demo3.pozyskujklientow2.pl\/gardenhit\/wp-json\/wp\/v2\/product_tag?post=3243"}],"curies":[{"name":"wp","href":"https:\/\/api.w.org\/{rel}","templated":true}]}}