{"id":3104,"date":"2026-04-07T15:34:13","date_gmt":"2026-04-07T13:34:13","guid":{"rendered":"https:\/\/demo3.pozyskujklientow2.pl\/gardenhit\/?post_type=product&#038;p=3104"},"modified":"2026-04-08T09:13:41","modified_gmt":"2026-04-08T07:13:41","slug":"fotel-wiszacy-ogrodowy-hustawka-kokon-kosz","status":"publish","type":"product","link":"https:\/\/demo3.pozyskujklientow2.pl\/gardenhit\/produkt\/fotel-wiszacy-ogrodowy-hustawka-kokon-kosz\/","title":{"rendered":"Fotel wisz\u0105cy ogrodowy hu\u015btawka kokon kosz"},"content":{"rendered":"<p>CENA NIE PODLEGA NEGOCJACJI<\/p>\n<p>Fotel wisz\u0105cy KORSYKA marki Gardenhit to idealny mebel, kt\u00f3ry uatrakcyjni twoje mieszkanie, a jego wyrazisto\u015b\u0107 odmieni wn\u0119trze. Dzi\u0119ki g\u0119stoplecionemu technorattanowi fotel tworzy zamkni\u0119t\u0105 konstrukcj\u0119 na otaczaj\u0105c\u0105 nas przestrze\u0144. Jest on w kszta\u0142cie jajka dzi\u0119ki czemu nie zajmuje du\u017co miejsca w salonie, na balkonie czy w ogrodzie. Plecionka jest ca\u0142kowicie odporna na warunki atmosferyczne oraz promieniowanie UV. Nieod\u0142\u0105czn\u0105 cz\u0119\u015bci\u0105 kokonu s\u0105 dwie mi\u0119kkie poduszki (poduszka siedziskowa posiada zdejmowane poszewki). Ten niezwyk\u0142y fotel udoskonali tw\u00f3j ogr\u00f3d. Idealnie komponuje si\u0119 z meblami technorattanowymi, kt\u00f3re posiadamy w naszej ofercie na innych naszych aukcjach.<\/p>\n<p>Fotel charakteryzuje:<\/p>\n<p>Kosz &#8211; technorattan r\u0119cznie pleciony.<br \/>\nWygodne poduchy poliestrowe, ze zdejmowanymi pow\u0142oczkami.<br \/>\nPlecionka odporna na warunki atmosferyczne.<br \/>\nWysoka jako\u015b\u0107.<br \/>\n\u0141atwy monta\u017c.<br \/>\nNowoczesny design.<br \/>\nStabilny stela\u017c.<\/p>\n<p>Dane techniczne:<\/p>\n<p>Wymiar kosza: wysoko\u015b\u0107 124cm x szeroko\u015b\u0107 89cm.<br \/>\nG\u0142\u0119boko\u015b\u0107 kosza: ok.80cm.<br \/>\nWymiar poduszki siedziskowej: \u015brednica &#8211; 70cm.<br \/>\nWymiar poduszki na oparcie:55cm x 57cm.<br \/>\nTkanina poduszki: policotton.<br \/>\nWype\u0142nienie poduszki: wk\u0142ad poliestrowy silikonowy.<br \/>\nKolorystyka kosza: naturalna wiklina<br \/>\nKolorystyka stela\u017ca:CZARNY MATOWY<br \/>\nKolorystyka poduszek: SZARE<br \/>\nSk\u0142ad zestawu: kosz, stela\u017c, poduszka siedziskowa, poduszka na oparcie.<br \/>\nGwarancja: 24 miesi\u0105ce.<br \/>\nStan: NOWY.<\/p>\n<p>Koszt wysy\u0142ki paletowej: przedp\u0142ata 160,00 z\u0142 \/ pobranie 180,00 z\u0142<br \/>\n(Towar wysy\u0142amy na palecie ze wzgl\u0119du na gabaryt mebli oraz w celu unikni\u0119cia uszkodze\u0144 podczas transportu. Brak opcji wniesienia)<\/p>\n<p>-Odbi\u00f3r osobisty<br \/>\nProsimy o kontakt od poniedzia\u0142ku do pi\u0105tku w godzinach 08:00-15:00<br \/>\nP\u0142atno\u015b\u0107 got\u00f3wk\u0105 lub przelewem natychmiastowym.<\/p>\n<p>Zapraszamy do zakupu.<br \/>\nNa ka\u017cdy towar zakupiony na naszych aukcjach otrzymasz paragon lub faktur\u0119 VAT.<\/p>\n<p>UWAGI:<br \/>\n*- Produkt nie ulegnie zniszczeniu pod wp\u0142ywem niewielkiej ilo\u015bci wody czy innych p\u0142yn\u00f3w. Mo\u017cna swobodnie korzysta\u0107 z niego na zewn\u0105trz, r\u00f3wnie\u017c w trakcie niewielkich opad\u00f3w deszczu, czy wilgotnego powietrza. Obfite opady deszczu, czy du\u017ce ilo\u015bci wody, mog\u0105 jednak powodowa\u0107 uszkodzenia. Aby zapewni\u0107 jak najlepszy wygl\u0105d i funkcjonalno\u015b\u0107, zalecamy przestrzega\u0107 instrukcji u\u017cytkowania produktu.<br \/>\n*- Nie powinno si\u0119 siada\u0107 na rozgrzanym produkcie, mo\u017ce to spowodowa\u0107 naci\u0105gni\u0119cie materia\u0142u.<\/p>\n","protected":false},"excerpt":{"rendered":"<p>CENA NIE PODLEGA NEGOCJACJI Fotel wisz\u0105cy KORSYKA marki Gardenhit to idealny mebel, kt\u00f3ry uatrakcyjni twoje mieszkanie, a jego wyrazisto\u015b\u0107 odmieni wn\u0119trze. Dzi\u0119ki g\u0119stoplecionemu technorattanowi fotel tworzy zamkni\u0119t\u0105 konstrukcj\u0119 na otaczaj\u0105c\u0105 nas przestrze\u0144. Jest on w kszta\u0142cie jajka dzi\u0119ki czemu nie zajmuje du\u017co miejsca w salonie, na balkonie czy w ogrodzie. Plecionka jest ca\u0142kowicie odporna na [&hellip;]<\/p>\n","protected":false},"featured_media":3105,"comment_status":"closed","ping_status":"closed","template":"","meta":[],"product_brand":[],"product_cat":[100],"product_tag":[],"class_list":{"0":"post-3104","1":"product","2":"type-product","3":"status-publish","4":"has-post-thumbnail","6":"product_cat-fotele-wiszace","8":"first","9":"instock","10":"shipping-taxable","11":"purchasable","12":"product-type-simple"},"yoast_head":"<!-- This site is optimized with the Yoast SEO plugin v27.4 - https:\/\/yoast.com\/product\/yoast-seo-wordpress\/ -->\n<title>Fotel wisz\u0105cy ogrodowy hu\u015btawka kokon kosz \u2b50 Trwa\u0142e i Oryginalne Meble w Atrakcyjnej Cenie - Gardenhit<\/title>\n<meta name=\"description\" content=\"Polski producent MebleDrewniane24.pl zaprasza \u261d Fotel wisz\u0105cy ogrodowy hu\u015btawka kokon kosz \u2b50 Meble z drewna do Twojego mieszkania i domu - zapraszamy!\" \/>\n<meta name=\"robots\" content=\"index, follow, max-snippet:-1, max-image-preview:large, max-video-preview:-1\" \/>\n<link rel=\"canonical\" href=\"https:\/\/demo3.pozyskujklientow2.pl\/gardenhit\/produkt\/fotel-wiszacy-ogrodowy-hustawka-kokon-kosz\/\" \/>\n<meta property=\"og:locale\" content=\"pl_PL\" \/>\n<meta property=\"og:type\" content=\"article\" \/>\n<meta property=\"og:title\" content=\"Fotel wisz\u0105cy ogrodowy hu\u015btawka kokon kosz \u2b50 Trwa\u0142e i Oryginalne Meble w Atrakcyjnej Cenie - Gardenhit\" \/>\n<meta property=\"og:description\" content=\"Polski producent MebleDrewniane24.pl zaprasza \u261d Fotel wisz\u0105cy ogrodowy hu\u015btawka kokon kosz \u2b50 Meble z drewna do Twojego mieszkania i domu - zapraszamy!\" \/>\n<meta property=\"og:url\" content=\"https:\/\/demo3.pozyskujklientow2.pl\/gardenhit\/produkt\/fotel-wiszacy-ogrodowy-hustawka-kokon-kosz\/\" \/>\n<meta property=\"og:site_name\" content=\"Gardenhit\" \/>\n<meta property=\"article:modified_time\" content=\"2026-04-08T07:13:41+00:00\" \/>\n<meta property=\"og:image\" content=\"https:\/\/demo3.pozyskujklientow2.pl\/gardenhit\/wp-content\/uploads\/2026\/04\/Fotel-wiszacy-ogrodowy-hustawka-kokon-kosz-1.webp\" \/>\n\t<meta property=\"og:image:width\" content=\"1000\" \/>\n\t<meta property=\"og:image:height\" content=\"675\" \/>\n\t<meta property=\"og:image:type\" content=\"image\/webp\" \/>\n<meta name=\"twitter:card\" content=\"summary_large_image\" \/>\n<meta name=\"twitter:label1\" content=\"Szacowany czas czytania\" \/>\n\t<meta name=\"twitter:data1\" content=\"3 minuty\" \/>\n<script type=\"application\/ld+json\" class=\"yoast-schema-graph\">{\"@context\":\"https:\\\/\\\/schema.org\",\"@graph\":[{\"@type\":\"WebPage\",\"@id\":\"https:\\\/\\\/demo3.pozyskujklientow2.pl\\\/gardenhit\\\/produkt\\\/fotel-wiszacy-ogrodowy-hustawka-kokon-kosz\\\/\",\"url\":\"https:\\\/\\\/demo3.pozyskujklientow2.pl\\\/gardenhit\\\/produkt\\\/fotel-wiszacy-ogrodowy-hustawka-kokon-kosz\\\/\",\"name\":\"Fotel wisz\u0105cy ogrodowy hu\u015btawka kokon kosz \u2b50 Trwa\u0142e i Oryginalne Meble w Atrakcyjnej Cenie - Gardenhit\",\"isPartOf\":{\"@id\":\"https:\\\/\\\/demo3.pozyskujklientow2.pl\\\/gardenhit\\\/#website\"},\"primaryImageOfPage\":{\"@id\":\"https:\\\/\\\/demo3.pozyskujklientow2.pl\\\/gardenhit\\\/produkt\\\/fotel-wiszacy-ogrodowy-hustawka-kokon-kosz\\\/#primaryimage\"},\"image\":{\"@id\":\"https:\\\/\\\/demo3.pozyskujklientow2.pl\\\/gardenhit\\\/produkt\\\/fotel-wiszacy-ogrodowy-hustawka-kokon-kosz\\\/#primaryimage\"},\"thumbnailUrl\":\"https:\\\/\\\/demo3.pozyskujklientow2.pl\\\/gardenhit\\\/wp-content\\\/uploads\\\/2026\\\/04\\\/Fotel-wiszacy-ogrodowy-hustawka-kokon-kosz-1.webp\",\"datePublished\":\"2026-04-07T13:34:13+00:00\",\"dateModified\":\"2026-04-08T07:13:41+00:00\",\"description\":\"Polski producent MebleDrewniane24.pl zaprasza \u261d Fotel wisz\u0105cy ogrodowy hu\u015btawka kokon kosz \u2b50 Meble z drewna do Twojego mieszkania i domu - zapraszamy!\",\"breadcrumb\":{\"@id\":\"https:\\\/\\\/demo3.pozyskujklientow2.pl\\\/gardenhit\\\/produkt\\\/fotel-wiszacy-ogrodowy-hustawka-kokon-kosz\\\/#breadcrumb\"},\"inLanguage\":\"pl-PL\",\"potentialAction\":[{\"@type\":\"ReadAction\",\"target\":[\"https:\\\/\\\/demo3.pozyskujklientow2.pl\\\/gardenhit\\\/produkt\\\/fotel-wiszacy-ogrodowy-hustawka-kokon-kosz\\\/\"]}]},{\"@type\":\"ImageObject\",\"inLanguage\":\"pl-PL\",\"@id\":\"https:\\\/\\\/demo3.pozyskujklientow2.pl\\\/gardenhit\\\/produkt\\\/fotel-wiszacy-ogrodowy-hustawka-kokon-kosz\\\/#primaryimage\",\"url\":\"https:\\\/\\\/demo3.pozyskujklientow2.pl\\\/gardenhit\\\/wp-content\\\/uploads\\\/2026\\\/04\\\/Fotel-wiszacy-ogrodowy-hustawka-kokon-kosz-1.webp\",\"contentUrl\":\"https:\\\/\\\/demo3.pozyskujklientow2.pl\\\/gardenhit\\\/wp-content\\\/uploads\\\/2026\\\/04\\\/Fotel-wiszacy-ogrodowy-hustawka-kokon-kosz-1.webp\",\"width\":1000,\"height\":675},{\"@type\":\"BreadcrumbList\",\"@id\":\"https:\\\/\\\/demo3.pozyskujklientow2.pl\\\/gardenhit\\\/produkt\\\/fotel-wiszacy-ogrodowy-hustawka-kokon-kosz\\\/#breadcrumb\",\"itemListElement\":[{\"@type\":\"ListItem\",\"position\":1,\"name\":\"Strona g\u0142\u00f3wna\",\"item\":\"https:\\\/\\\/demo3.pozyskujklientow2.pl\\\/gardenhit\\\/\"},{\"@type\":\"ListItem\",\"position\":2,\"name\":\"Sklep\",\"item\":\"https:\\\/\\\/demo3.pozyskujklientow2.pl\\\/gardenhit\\\/sklep\\\/\"},{\"@type\":\"ListItem\",\"position\":3,\"name\":\"Fotel wisz\u0105cy ogrodowy hu\u015btawka kokon kosz\"}]},{\"@type\":\"WebSite\",\"@id\":\"https:\\\/\\\/demo3.pozyskujklientow2.pl\\\/gardenhit\\\/#website\",\"url\":\"https:\\\/\\\/demo3.pozyskujklientow2.pl\\\/gardenhit\\\/\",\"name\":\"Gardenhit\",\"description\":\"Meble ogrodowe\",\"publisher\":{\"@id\":\"https:\\\/\\\/demo3.pozyskujklientow2.pl\\\/gardenhit\\\/#organization\"},\"potentialAction\":[{\"@type\":\"SearchAction\",\"target\":{\"@type\":\"EntryPoint\",\"urlTemplate\":\"https:\\\/\\\/demo3.pozyskujklientow2.pl\\\/gardenhit\\\/?s={search_term_string}\"},\"query-input\":{\"@type\":\"PropertyValueSpecification\",\"valueRequired\":true,\"valueName\":\"search_term_string\"}}],\"inLanguage\":\"pl-PL\"},{\"@type\":\"Organization\",\"@id\":\"https:\\\/\\\/demo3.pozyskujklientow2.pl\\\/gardenhit\\\/#organization\",\"name\":\"Gardenhit\",\"url\":\"https:\\\/\\\/demo3.pozyskujklientow2.pl\\\/gardenhit\\\/\",\"logo\":{\"@type\":\"ImageObject\",\"inLanguage\":\"pl-PL\",\"@id\":\"https:\\\/\\\/demo3.pozyskujklientow2.pl\\\/gardenhit\\\/#\\\/schema\\\/logo\\\/image\\\/\",\"url\":\"https:\\\/\\\/demo3.pozyskujklientow2.pl\\\/gardenhit\\\/wp-content\\\/uploads\\\/2023\\\/09\\\/logo-gardenhit.png\",\"contentUrl\":\"https:\\\/\\\/demo3.pozyskujklientow2.pl\\\/gardenhit\\\/wp-content\\\/uploads\\\/2023\\\/09\\\/logo-gardenhit.png\",\"width\":278,\"height\":215,\"caption\":\"Gardenhit\"},\"image\":{\"@id\":\"https:\\\/\\\/demo3.pozyskujklientow2.pl\\\/gardenhit\\\/#\\\/schema\\\/logo\\\/image\\\/\"}}]}<\/script>\n<!-- \/ Yoast SEO plugin. -->","yoast_head_json":{"title":"Fotel wisz\u0105cy ogrodowy hu\u015btawka kokon kosz \u2b50 Trwa\u0142e i Oryginalne Meble w Atrakcyjnej Cenie - Gardenhit","description":"Polski producent MebleDrewniane24.pl zaprasza \u261d Fotel wisz\u0105cy ogrodowy hu\u015btawka kokon kosz \u2b50 Meble z drewna do Twojego mieszkania i domu - zapraszamy!","robots":{"index":"index","follow":"follow","max-snippet":"max-snippet:-1","max-image-preview":"max-image-preview:large","max-video-preview":"max-video-preview:-1"},"canonical":"https:\/\/demo3.pozyskujklientow2.pl\/gardenhit\/produkt\/fotel-wiszacy-ogrodowy-hustawka-kokon-kosz\/","og_locale":"pl_PL","og_type":"article","og_title":"Fotel wisz\u0105cy ogrodowy hu\u015btawka kokon kosz \u2b50 Trwa\u0142e i Oryginalne Meble w Atrakcyjnej Cenie - Gardenhit","og_description":"Polski producent MebleDrewniane24.pl zaprasza \u261d Fotel wisz\u0105cy ogrodowy hu\u015btawka kokon kosz \u2b50 Meble z drewna do Twojego mieszkania i domu - zapraszamy!","og_url":"https:\/\/demo3.pozyskujklientow2.pl\/gardenhit\/produkt\/fotel-wiszacy-ogrodowy-hustawka-kokon-kosz\/","og_site_name":"Gardenhit","article_modified_time":"2026-04-08T07:13:41+00:00","og_image":[{"width":1000,"height":675,"url":"https:\/\/demo3.pozyskujklientow2.pl\/gardenhit\/wp-content\/uploads\/2026\/04\/Fotel-wiszacy-ogrodowy-hustawka-kokon-kosz-1.webp","type":"image\/webp"}],"twitter_card":"summary_large_image","twitter_misc":{"Szacowany czas czytania":"3 minuty"},"schema":{"@context":"https:\/\/schema.org","@graph":[{"@type":"WebPage","@id":"https:\/\/demo3.pozyskujklientow2.pl\/gardenhit\/produkt\/fotel-wiszacy-ogrodowy-hustawka-kokon-kosz\/","url":"https:\/\/demo3.pozyskujklientow2.pl\/gardenhit\/produkt\/fotel-wiszacy-ogrodowy-hustawka-kokon-kosz\/","name":"Fotel wisz\u0105cy ogrodowy hu\u015btawka kokon kosz \u2b50 Trwa\u0142e i Oryginalne Meble w Atrakcyjnej Cenie - Gardenhit","isPartOf":{"@id":"https:\/\/demo3.pozyskujklientow2.pl\/gardenhit\/#website"},"primaryImageOfPage":{"@id":"https:\/\/demo3.pozyskujklientow2.pl\/gardenhit\/produkt\/fotel-wiszacy-ogrodowy-hustawka-kokon-kosz\/#primaryimage"},"image":{"@id":"https:\/\/demo3.pozyskujklientow2.pl\/gardenhit\/produkt\/fotel-wiszacy-ogrodowy-hustawka-kokon-kosz\/#primaryimage"},"thumbnailUrl":"https:\/\/demo3.pozyskujklientow2.pl\/gardenhit\/wp-content\/uploads\/2026\/04\/Fotel-wiszacy-ogrodowy-hustawka-kokon-kosz-1.webp","datePublished":"2026-04-07T13:34:13+00:00","dateModified":"2026-04-08T07:13:41+00:00","description":"Polski producent MebleDrewniane24.pl zaprasza \u261d Fotel wisz\u0105cy ogrodowy hu\u015btawka kokon kosz \u2b50 Meble z drewna do Twojego mieszkania i domu - zapraszamy!","breadcrumb":{"@id":"https:\/\/demo3.pozyskujklientow2.pl\/gardenhit\/produkt\/fotel-wiszacy-ogrodowy-hustawka-kokon-kosz\/#breadcrumb"},"inLanguage":"pl-PL","potentialAction":[{"@type":"ReadAction","target":["https:\/\/demo3.pozyskujklientow2.pl\/gardenhit\/produkt\/fotel-wiszacy-ogrodowy-hustawka-kokon-kosz\/"]}]},{"@type":"ImageObject","inLanguage":"pl-PL","@id":"https:\/\/demo3.pozyskujklientow2.pl\/gardenhit\/produkt\/fotel-wiszacy-ogrodowy-hustawka-kokon-kosz\/#primaryimage","url":"https:\/\/demo3.pozyskujklientow2.pl\/gardenhit\/wp-content\/uploads\/2026\/04\/Fotel-wiszacy-ogrodowy-hustawka-kokon-kosz-1.webp","contentUrl":"https:\/\/demo3.pozyskujklientow2.pl\/gardenhit\/wp-content\/uploads\/2026\/04\/Fotel-wiszacy-ogrodowy-hustawka-kokon-kosz-1.webp","width":1000,"height":675},{"@type":"BreadcrumbList","@id":"https:\/\/demo3.pozyskujklientow2.pl\/gardenhit\/produkt\/fotel-wiszacy-ogrodowy-hustawka-kokon-kosz\/#breadcrumb","itemListElement":[{"@type":"ListItem","position":1,"name":"Strona g\u0142\u00f3wna","item":"https:\/\/demo3.pozyskujklientow2.pl\/gardenhit\/"},{"@type":"ListItem","position":2,"name":"Sklep","item":"https:\/\/demo3.pozyskujklientow2.pl\/gardenhit\/sklep\/"},{"@type":"ListItem","position":3,"name":"Fotel wisz\u0105cy ogrodowy hu\u015btawka kokon kosz"}]},{"@type":"WebSite","@id":"https:\/\/demo3.pozyskujklientow2.pl\/gardenhit\/#website","url":"https:\/\/demo3.pozyskujklientow2.pl\/gardenhit\/","name":"Gardenhit","description":"Meble ogrodowe","publisher":{"@id":"https:\/\/demo3.pozyskujklientow2.pl\/gardenhit\/#organization"},"potentialAction":[{"@type":"SearchAction","target":{"@type":"EntryPoint","urlTemplate":"https:\/\/demo3.pozyskujklientow2.pl\/gardenhit\/?s={search_term_string}"},"query-input":{"@type":"PropertyValueSpecification","valueRequired":true,"valueName":"search_term_string"}}],"inLanguage":"pl-PL"},{"@type":"Organization","@id":"https:\/\/demo3.pozyskujklientow2.pl\/gardenhit\/#organization","name":"Gardenhit","url":"https:\/\/demo3.pozyskujklientow2.pl\/gardenhit\/","logo":{"@type":"ImageObject","inLanguage":"pl-PL","@id":"https:\/\/demo3.pozyskujklientow2.pl\/gardenhit\/#\/schema\/logo\/image\/","url":"https:\/\/demo3.pozyskujklientow2.pl\/gardenhit\/wp-content\/uploads\/2023\/09\/logo-gardenhit.png","contentUrl":"https:\/\/demo3.pozyskujklientow2.pl\/gardenhit\/wp-content\/uploads\/2023\/09\/logo-gardenhit.png","width":278,"height":215,"caption":"Gardenhit"},"image":{"@id":"https:\/\/demo3.pozyskujklientow2.pl\/gardenhit\/#\/schema\/logo\/image\/"}}]}},"_links":{"self":[{"href":"https:\/\/demo3.pozyskujklientow2.pl\/gardenhit\/wp-json\/wp\/v2\/product\/3104","targetHints":{"allow":["GET"]}}],"collection":[{"href":"https:\/\/demo3.pozyskujklientow2.pl\/gardenhit\/wp-json\/wp\/v2\/product"}],"about":[{"href":"https:\/\/demo3.pozyskujklientow2.pl\/gardenhit\/wp-json\/wp\/v2\/types\/product"}],"replies":[{"embeddable":true,"href":"https:\/\/demo3.pozyskujklientow2.pl\/gardenhit\/wp-json\/wp\/v2\/comments?post=3104"}],"wp:featuredmedia":[{"embeddable":true,"href":"https:\/\/demo3.pozyskujklientow2.pl\/gardenhit\/wp-json\/wp\/v2\/media\/3105"}],"wp:attachment":[{"href":"https:\/\/demo3.pozyskujklientow2.pl\/gardenhit\/wp-json\/wp\/v2\/media?parent=3104"}],"wp:term":[{"taxonomy":"product_brand","embeddable":true,"href":"https:\/\/demo3.pozyskujklientow2.pl\/gardenhit\/wp-json\/wp\/v2\/product_brand?post=3104"},{"taxonomy":"product_cat","embeddable":true,"href":"https:\/\/demo3.pozyskujklientow2.pl\/gardenhit\/wp-json\/wp\/v2\/product_cat?post=3104"},{"taxonomy":"product_tag","embeddable":true,"href":"https:\/\/demo3.pozyskujklientow2.pl\/gardenhit\/wp-json\/wp\/v2\/product_tag?post=3104"}],"curies":[{"name":"wp","href":"https:\/\/api.w.org\/{rel}","templated":true}]}}